
Is 4471603559 prime?
True
Is 1418806979 composite?
True
Is 15522586889 composite?
True
Is 16833445121 a prime number?
True
Is 13874977653 composite?
True
Is 4126076671 composite?
False
Is 60621563 a prime number?
False
Is 2299271593 composite?
False
Is 7902766211 prime?
True
Is 16718216623 prime?
True
Is 15659443351 prime?
False
Is 11288059291 a composite number?
False
Is 37213837499 a composite number?
False
Is 3887170279 a composite number?
True
Is 5009396057 prime?
False
Is 29016370907 a composite number?
True
Is 1357901161 prime?
True
Is 9399712837 a prime number?
False
Is 17048015459 composite?
False
Is 4695966089 a composite number?
False
Is 2815014119 a prime number?
True
Is 72529229 a prime number?
True
Is 1144952113 composite?
False
Is 5394931055 composite?
True
Is 3127370831 prime?
False
Is 4697911163 composite?
True
Is 3547862933 composite?
False
Is 9551906866 a composite number?
True
Is 124999027 a prime number?
True
Is 19137916241 a prime number?
True
Is 638152937 a prime number?
False
Is 828853117 composite?
False
Is 375517307 a composite number?
True
Is 196152371 a prime number?
False
Is 380049793 a prime number?
False
Is 6639425119 prime?
True
Is 2850751819 a composite number?
True
Is 4617063483 composite?
True
Is 58506593 a prime number?
True
Is 256396409 composite?
False
Is 2945766781 a prime number?
True
Is 280965917 a composite number?
True
Is 198256850321 a composite number?
False
Is 9009394111 composite?
True
Is 39594606659 a prime number?
True
Is 34988751557 a prime number?
False
Is 19730009823 prime?
False
Is 43313779 a prime number?
True
Is 4757294389 a composite number?
False
Is 13580184179 composite?
False
Is 7400013001 prime?
True
Is 2960781661 composite?
False
Is 3155662387 prime?
True
Is 118476134303 a composite number?
False
Is 49202040739 a prime number?
False
Is 5592604217 a composite number?
False
Is 2645432093 prime?
True
Is 4688821678 a prime number?
False
Is 1518640831 composite?
True
Is 5195517857 prime?
True
Is 15388420405 a prime number?
False
Is 244497413 a prime number?
True
Is 3733566523 prime?
True
Is 477974663 a composite number?
True
Is 22688801609 a composite number?
False
Is 9300420743 composite?
False
Is 372214669 prime?
True
Is 898843513 prime?
False
Is 281080273 a composite number?
True
Is 7202188457 a composite number?
False
Is 393654301 a composite number?
True
Is 112591859 composite?
False
Is 103465796765 prime?
False
Is 40523638469 composite?
False
Is 1056873073 a prime number?
True
Is 64987601917 composite?
True
Is 1215467767 composite?
True
Is 32137356313 composite?
False
Is 525617849 composite?
True
Is 68696888063 composite?
True
Is 63699245993 a composite number?
False
Is 1440510761 a composite number?
False
Is 50770057343 composite?
False
Is 12528110473 a prime number?
True
Is 22861358083 a prime number?
False
Is 33001317487 a prime number?
False
Is 831263579 composite?
False
Is 2392013665 prime?
False
Is 515467279 composite?
False
Is 17474111447 a composite number?
True
Is 357989029 composite?
True
Is 8420406311 a composite number?
False
Is 778026329 prime?
False
Is 36935429 a prime number?
False
Is 53076767 a prime number?
False
Is 41203179349 a composite number?
False
Is 441301867 composite?
True
Is 14193103357 a prime number?
True
Is 131453448727 composite?
False
Is 50130038009 a composite number?
False
Is 925227529 prime?
True
Is 10363457957 prime?
True
Is 3654515773 a prime number?
True
Is 14201605819 a composite number?
False
Is 9044048213 a prime number?
True
Is 615966943 a prime number?
False
Is 2583042653 prime?
True
Is 22168926709 a composite number?
False
Is 857657 a prime number?
False
Is 33667095023 composite?
True
Is 14299123249 a prime number?
False
Is 2312370943 a composite number?
True
Is 1935808601 a composite number?
True
Is 17630809 a composite number?
True
Is 140119261 a composite number?
False
Is 2498287403 composite?
True
Is 48371241433 a composite number?
True
Is 114049399 a prime number?
False
Is 2967989291 a composite number?
False
Is 29145761923 composite?
False
Is 4019750311 a prime number?
True
Is 26537581997 composite?
True
Is 80413843 composite?
True
Is 2972591 composite?
True
Is 4837193013 a composite number?
True
Is 19365025353 prime?
False
Is 3557536187 a composite number?
False
Is 6881813153 a composite number?
False
Is 145083607 a prime number?
False
Is 516086563 a prime number?
True
Is 238587313 a composite number?
True
Is 2300519257 a prime number?
True
Is 7603962497 a composite number?
False
Is 627453553 a composite number?
False
Is 111370180511 a prime number?
True
Is 2747077061 a prime number?
True
Is 90563927 a prime number?
False
Is 8091044161 composite?
False
Is 1171255021 prime?
False
Is 542418979 a prime number?
True
Is 748795673 prime?
False
Is 75731035057 a composite number?
False
Is 217655491 composite?
True
Is 62763329861 prime?
True
Is 129967073693 a composite number?
False
Is 5292425579 a composite number?
True
Is 14236525829 a composite number?
True
Is 2187328187 prime?
False
Is 213206179 composite?
False
Is 297996803 a prime number?
False
Is 5971701863 a composite number?
True
Is 85933151 composite?
True
Is 31690393811 composite?
True
Is 89021771 a composite number?
False
Is 7939357091 a prime number?
True
Is 17398775599 prime?
True
Is 1468827134 a composite number?
True
Is 3708050369 a composite number?
True
Is 187093518455 a composite number?
True
Is 9350016985 a prime number?
False
Is 24185061247 prime?
True
Is 6435233359 composite?
False
Is 40922757563 a prime number?
True
Is 456808422049 a prime number?
False
Is 2505213869 a prime number?
False
Is 27699246187 a prime number?
False
Is 761473451 composite?
False
Is 9893365049 composite?
False
Is 153240911 a composite number?
False
Is 45367559 composite?
False
Is 42241802195 a composite number?
True
Is 1482851807 composite?
True
Is 310855931 prime?
False
Is 44938835639 composite?
True
Is 22449307717 composite?
True
Is 4681705807 prime?
True
Is 4555298854 prime?
False
Is 46574492453 a prime number?
True
Is 1033520023 prime?
True
Is 1001523889 a composite number?
False
Is 1901919511 a prime number?
True
Is 19299265871 prime?
True
Is 136905471557 prime?
True
Is 318009773 prime?
True
Is 4272814291 a composite number?
True
Is 282023704297 prime?
True
Is 327812333 a prime number?
True
Is 221159935 a prime number?
False
Is 5267904181 composite?
True
Is 198037967069 prime?
True
Is 3364196357 a composite number?
False
Is 514048079 a composite number?
True
Is 959619581 composite?
False
Is 7189103833 a composite number?
True
Is 20531136067 a prime number?
False
Is 5249975833 prime?
True
Is 13168864543 a composite number?
True
Is 11182084367 prime?
False
Is 136905779 a composite number?
False
Is 4144329131 composite?
True
Is 11764503629 a composite number?
True
Is 1778809157 prime?
False
Is 93777638483 a composite number?
True
Is 19461364721 prime?
False
Is 62961731737 a composite number?
False
Is 5143963099 prime?
False
Is 5806788329 a prime number?
True
Is 2765687131 composite?
False
Is 892500377 a composite number?
False
Is 1164356341 a composite number?
False
Is 37318873 a prime number?
False
Is 5024632673 prime?
True
Is 1492283581 composite?
False
Is 2569259359 a prime number?
True
Is 52882383305 composite?
True
Is 771645047 composite?
False
Is 73172417783 composite?
True
Is 1844218027 a prime number?
True
Is 26182809977 composite?
False
Is 6142656797 a composite number?
True
Is 130301737 a prime number?
False
Is 47968968769 a composite number?
True
Is 7155800221 a composite number?
False
Is 751839989 a composite number?
False
Is 2103141199 a composite number?
True
Is 11697311 composite?
True
Is 266589969721 a composite number?
False
Is 3856717997 a composite number?
True
Is 1139619289 a composite number?
True
Is 64995756929 a composite number?
False
Is 83912839 a prime number?
True
Is 11220931 a prime number?
True
Is 632607593 prime?
False
Is 15933594797 composite?
False
Is 14281283677 a prime number?
True
Is 2949371929 prime?
False
Is 103723453651 a composite number?
False
Is 15209402947 prime?
False
Is 15227949533 a composite number?
True
Is 649153301 a composite number?
True
Is 1120568194 composite?
True
Is 36126389697 a composite number?
True
Is 772873967 composite?
False
Is